late v(c).
-1
Let r(k) = k**3 + k**2 - 3*k - 1. Let d be 25/(-20)*-6 - 2/(-4). Let w be (d/(-12))/((-2)/(-9)). Calculate r(w).
-10
Suppose -35*z + 12 = -31*z. Let t(r) = 0*r**2 - 10*r**2 + 8*r**2 + 4. What is t(z)?
-14
Let a(n) = -n - 1. Let f(d) = 5*d + 5. Let x(z) = -9*a(z) - 2*f(z). Give x(-1).
0
Suppose 472*q - 467*q - 25 = 0. Let z(k) = 3*k - 14. What is z(q)?
1
Let a(w) = 7*w - 7 + 12 - 1 - w**2. Calculate a(5).
14
Let p be 1 + (47 - 3) - (-3 - 0). Let z be (3 - 6/4)*p/(-18). Let y(l) = l**3 + 3*l**2 - l + 3. What is y(z)?
-9
Let b = -15 - -26. Let k(f) = -3*f**2 + 34*f - 17. Let n be k(b). Let w(i) = i**2 + 7*i + 9. Give w(n).
3
Let x(s) = -s + 24. Suppose 336 = 38*l - 10*l. Calculate x(l).
12
Let k(d) = -3*d - 3. Suppose 6 = -3*b, -80*y + 2*b - 32 = -84*y. Calculate k(y).
-30
Let v(f) be the first derivative of f**3/3 - 7*f**2 + 27*f + 252. What is v(11)?
-6
Let n(f) = -f**2 + 5*f - 1. Let t be ((-222)/14)/(-3) - 10/35. Suppose 35*a - t = 34*a. Determine n(a).
-1
Let p(z) = 16*z - 3. Let c(l) = -15*l - 86. Let i be c(-6). Determine p(i).
61
Let j(i) = -3*i**2 + i - 3. Suppose v + 6 = -5*d - 1, 0 = -4*v + 5*d + 22. Calculate j(v).
-27
Let c be (-60)/(-10) - (4 - 1). Suppose -4*p = -3*p - c. Let z(x) = 0*x - x - 1 + 0. Determine z(p).
-4
Let z(w) = w + 2. Suppose 3*m - 25 = 5*y, -3*y = 2*m - 4*y - 5. Let g be z(m). Let s(q) = -5*q + 2. What is s(g)?
-8
Let m(d) = -d - 1. Suppose -17*l + 8*l - 18 = 0. Give m(l).
1
Let k(s) = -2 - 91*s + 2 + 45*s + 41*s - 4. What is k(-1)?
1
Let j(f) = 23*f - 27*f - 6 - 1 + 3*f. What is j(-6)?
-1
Suppose -5*d - l = 0, 4*d - 10*l = -15*l. Let w(y) be the third derivative of -y**6/120 + y**5/60 + y**4/24 + 25*y**3/6 - 2*y**2. Calculate w(d).
25
Let r(c) = c**3 - 6*c**2 + 4*c + 5. Suppose -g - 16 = 3*h + 2*h, -28 = 4*g + 2*h. Let m(f) = 2*f**2 + 11*f - 1. Let o be m(g). What is r(o)?
0
Let g = -96 + 99. Let t(j) be the second derivative of 0 - j**2 + 1/12*j**4 + 5/6*j**g - 3*j. Calculate t(-4).
-6
Let c = -113 + 115. Let n(w) = -3*w**3 + 5*w**2 + w - 2. Let h(s) = -4*s**3 + 6*s**2 + 2*s - 3. Let x(q) = -5*h(q) + 6*n(q). Determine x(c).
11
Let p(t) be the second derivative of -t**3/6 + t**2/2 - 3*t. Let l(i) = -3*i + 3. Let a(z) = l(z) - 4*p(z). Determine a(-7).
-8
Let l(p) be the third derivative of -p**5/60 + p**4/4 + p**3/2 + 3*p**2. Let s be ((-153)/34)/((-3)/4). Determine l(s).
3
Suppose 5*y = 2*y + 60. Suppose -4*q - y + 32 = 0. Let i be q/(-2)*(-24)/(-9). Let s(n) = -n - 4. What is s(i)?
0
Suppose 2*k - 3*k = -11. Let o = k - 17. Let t(v) = 5*v**2 - 29*v - 35. Let s(q) = -2*q**2 + 10*q + 12. Let f(i) = -8*s(i) - 3*t(i). Give f(o).
3
Let t(k) = k + 17. Let c be (-42)/(-7) - 14 - 9. Give t(c).
0
Let k(z) = 5*z**3 - 32*z**2 + 50*z + 35. Let b(o) = -2*o**3 + 16*o**2 - 24*o - 17. Let g(q) = -7*b(q) - 3*k(q). Give g(-17).
-3
Suppose 15 = 2*j + q, 5*j + 4*q = -q + 45. Let a(g) = 0 + g - 4*g + 4*g + j. Give a(0).
6
Let o(z) be the first derivative of z**6/360 - z**5/24 - z**4/8 + 34*z**3/3 + 6. Let y(d) be the third derivative of o(d). What is y(6)?
3
Suppose -2*d - 36 = 2*d. Let q(u) be the second derivative of u**5/20 + 2*u**4/3 - 4*u**3/3 + 2*u**2 + 306*u. Calculate q(d).
-5
Let s(d) be the third derivative of d**4/24 - d**3/3 + 4*d**2 + 2. Determine s(-2).
-4
Let u(p) = 8*p. Let q(t) = 3*t. Let s(m) = 11*q(m) - 4*u(m). Let v(j) = 6*j + 7. Let b(z) = 4*s(z) - v(z). Calculate b(-6).
5
Let p(m) = -m**2 + 11*m - 6. Let g be p(8). Let f = -22 + g. Let s(t) = t**3 + 4*t**2 - 2*t - 3. What is s(f)?
5
Let q be (-8140)/(-300) + -27 + 2/(-15). Let v(y) = y**2 - 16. Let o(m) = 2*m**2 - 33. Let w(n) = -2*o(n) + 5*v(n). Calculate w(q).
-14
Let c(x) = 4*x + 16*x**2 - 44*x**2 + 0 - 1 - 1 + 29*x**2. Give c(-7).
19
Let p(l) = 6 + 12*l + 2*l**2 + 5 + 11*l**2. Let m(t) = -7*t**2 - 6*t - 6. Let q(o) = 11*m(o) + 6*p(o). Let z(w) = 43*w + 210. Let f be z(-5). What is q(f)?
-5
Let l(b) be the first derivative of -b**2/2 - 7*b + 5. Suppose -5*j + 86 = -49. Suppose -2 + j = -5*z. What is l(z)?
-2
Let g = 14 + -12. Suppose -5*v + 2*u + 0*u + 10 = 0, -g*v = u - 13. Suppose v*c = -5*q + 2, -4*c - c - 20 = -5*q. Let n(r) = -4*r - 2. Determine n(q).
-10
Suppose x - 27 + 6 = 4*o, 24 = 4*x - 4*o. Let b(w) = w**3. Let n(q) = 4 + 2*q**2 - 3 + 2*q**2 + 0*q**2 + 3*q. Let c(r) = x*n(r) - b(r). Give c(5).
-9
Suppose -6*r - 66 = -3*r. Let h = r - -20. Let c(x) = -x**3 + 3*x**2 + 2*x - 1. Calculate c(h).
15
Let x(w) = w**2 + 4*w + 5. Let t(f) = -f**3 - 9*f**2 - 7*f + 3. Let c be t(-8). Determine x(c).
10
Let q(m) = m**3 + m**2 - m - 1. Let t(a) = -a**2 - 8*a + 5. Let s be t(-8). Let b(p) = -7 + 11 + 2*p + 5 - 4*p. Let z be b(s). Calculate q(z).
0
Let v be 21*(-5)/(-30)*(-4)/(-7). Let d(x) = x**3 - x**2 - x + 14. Let k be d(0). Let r(g) = -v*g - 10*g**2 + 0*g**3 + g**3 + k*g**2 - 3. Determine r(-3).
12
Let a(g) = -2*g**2 + 6*g**2 - 4 + 5*g + 6 - 5*g**2. Let o be 62/10 - (-3)/(-15). Give a(o).
-4
Let q(n) = -n - 4. Suppose 3*k + 8 = 7*k. Let i be (273/26)/((-1)/(-2)). Suppose 5*c = -5*w - 40, 3*w = -k*c + 3 - i. Calculate q(c).
2
Let a(d) be the second derivative of d**5/10 + d**4/6 - d**3/3 - d**2/2 + 193*d. What is a(-2)?
-5
Let d be 1 + (4 - (-6)/(-3)). Let x(o) = 5*o + 5 + 3*o**2 + 22*o**3 + 4*o**2 + 2*o - 21*o**d. Determine x(-6).
-1
Let w(z) be the first derivative of z**4/4 + 2*z**3 - z**2 - 3*z - 178. What is w(-6)?
9
Let j(o) be the first derivative of o**4/4 + 5*o**3/3 - 12*o - 869. What is j(-5)?
-12
Let d(y) = 7*y**2 + 7*y - 8. Let b(v) = -v + 6. Let k(r) = 2*b(r) + d(r). Give k(-3).
52
Let j be 12/(-5) - (-10)/25. Let x(l) = 4*l**3 + 3*l**2 + l - 1. Let u(g) = 3*g**3 + 3*g**2 + 2*g. Let k(o) = -3*u(o) + 2*x(o). Determine k(j).
2
Let p be ((-2)/(-3))/((-1)/(-3)). Let c(m) = 55*m + 50*m + m**p - 102*m - 2. Determine c(-2).
-4
Let d(x) = -x**2 + 3*x + 3. Let o be 0 - 15/5 - -6. Suppose -4*l = -22 + 6. Suppose 16 - l = o*w. Give d(w).
-1
Let d(w) = w - 2. Let i(o) = 2*o - 5. Let n(r) = 5*d(r) - 3*i(r). Suppose 2*u - 3*u + 2 = -2*g, 3*u = -5*g - 16. Let b = 6 + g. What is n(b)?
1
Let n(s) = 0*s - 1801 + 1794 - s. Determine n(5).
-12
Let m(i) = -i + 3. Let s(o) = o - 2. Let z = 80 + -76. Let d(u) = z*s(u) + 3*m(u). Calculate d(3).
4
Let x = -3 - -5. Suppose 50 = 5*q + 4*y, -q = -2*q - y + 11. Suppose q*g = x*g - 20. Let z(o) = -o**2 - 3*o + 6. Calculate z(g).
-4
Let s(a) = a**2 + 8*a - 7. Let n(d) = -d**3 - 6*d**2. Let c be n(-6). Suppose -m = -4*v - 31, c = -3*m - 3 - 0. Give s(v).
-7
Suppose 3*r + 3 = 2*r - 2*h, 0 = -3*r - h + 6. Let d(c) = -c**3 - 2*c + 1. What is d(r)?
-32
Let f(n) be the first derivative of -n**5/20 - 5*n**4/6 - 4*n**3/3 + 3*n**2 + 45*n - 37. Let j(k) be the first derivative of f(k). Calculate j(-9).
-3
Let s(f) = f**3 - 6*f**2 + 4*f + 2. Let n(v) = 11*v**2 + 11*v + 6. Let c be n(-1). Determine s(c).
26
Let a be 4/10 - (-32)/20. Let f(j) = 0 + 0*j**2 - j**3 + 4 - 4*j**a. Let w be (6/(-15))/((-14)/(-140)). What is f(w)?
4
Let x(v) = -10*v + 1. Suppose -13 = 4*o + 3*w - 6, -2*w = 10. Give x(o).
-19
Let y = -31 + 45. Let z = 8 - y. Let l(q) = 5*q**3 - 21*q**2 - 28*q + 20. Let c(x) = 2*x**3 - 7*x**2 - 10*x + 7. Let a(j) = -8*c(j) + 3*l(j). Give a(z).
-8
Let t(z) be the third derivative of -8/3*z**3 + 0 + 3*z**2 - 1/24*z**4 + 0*z. Calculate t(0).
-16
Suppose 3*k + 8 = 23. Let p be -1 + 2/k - (-21)/35. Let q(a) = a**2 + a + 7. What is q(p)?
7
Let v be 9 + (-9 - 5/(20/(-16))). Let k(u) = -u**3 + 2*u**2 + 5*u - 3. Give k(v).
-15
Let m(o) be the first derivative of -o**5/40 - 5*o**4/24 + 5*o**3/3 - 13. Let j(g) be the third derivative of m(g). What is j(-5)?
10
Let v(n) = 7*n + 19. Let p(k) = -7*k - 29. Let y(t) = -22*t - 87. Let u(a) = -11*p(a) + 4*y(a). Let f(i) = 5*u(i) + 8*v(i). What is f(0)?
7
Let m(y) = -8*y**2 - 1. Suppose -12 = -6*s + 6. Suppose -2 = 5*q + s. What is m(q)?
-9
Let o(a) = a**3 + 9*a**2 + 7*a - 5. Let i be o(-8). Suppose x - 4*x = -4*v - 22, -6 = i*v + 3*x. Let c(l) = 1 + l**2 - 22*l + 32*l - 6 - 9*l. Determine c(v).
7
Let b(z) = 2*z**2 + 5*z - 7. Let d(g) = -g**2 - 3*g + 6. Let s(a) = -3*b(a) - 4*d(a). Suppose 0*n - 3*n - 6 = 0. Calculate s(n).
-5
Suppose -q + 30 - 10 = 0. Let v = 340 + -343. Let d be (-1)/v*(q + -11). Let c(r) = -r**2 + 4*r + 4. What is c(d)?
7
Let w(k) = 2 + 9 - 12 + k**3 - 2*k**2 +